- 8*g**2 - 8*g - 3. Suppose -11 = 4*a + 17. Determine f(a).
4
Suppose 3*b - 1 = -5*t + 29, 0 = 3*t - 5*b - 52. Suppose 8*u = 5*u + t. Let x(q) = 2*q - 1. Give x(u).
5
Let f(k) = -38*k**3 + 3*k**2 - 11*k. Let r(q) = -13*q**3 + q**2 - 4*q. Let a(t) = 4*f(t) - 11*r(t). Calculate a(-1).
10
Let o(h) = 3*h**2 + 2*h**3 + 4*h**2 + 4 - 9*h - 3*h**3. What is o(6)?
-14
Let m = 13 + -9. Suppose -2*n - m*x + 4 = 0, 2*x + 2 = -2*n - 0. Let v(p) = 2*p + 2 + 2 - p**3 - 1 - 3*p**2. What is v(n)?
11
Let v(n) be the first derivative of -1/2*n**2 + 4 - 3*n. What is v(-6)?
3
Let r(d) be the third derivative of 0*d**5 - 3*d**2 + 0 + 1/120*d**6 + 0*d + 1/3*d**3 - 1/8*d**4. Suppose 2*n + 8 = 3*o, -4*o - 3*n + 6 = -n. Determine r(o).
4
Suppose 0 = -4*d - 2 + 14. Let l(o) be the second derivative of o - 1/2*o**2 + 1/6*o**d + 0. Calculate l(0).
-1
Let n be 1 + ((-30)/(-45))/(2/(-3)). Let f(c) = c**3 - c**2 - c + 6. Calculate f(n).
6
Suppose 3*d + 2*t - 4 = 0, 3*d - 7*t + 3*t - 28 = 0. Let f(i) be the third derivative of 1/3*i**3 + 0 + 2*i**2 + 0*i + 1/12*i**d. What is f(2)?
6
Let s be 3 + ((-9)/3)/3. Let p(c) be the third derivative of c**4/6 + c**3/6 - 2*c**2. Calculate p(s).
9
Let b(i) = 2*i. Let k be (-4)/6*63/(-6). Suppose 4*h + 3*l + l + 36 = 0, 2*h = 3*l + k. Give b(h).
-8
Suppose 2*j - 1 = 1. Let n be -1*(-3 + (-2)/(-1)). Let u(d) = j - d**2 - 5*d - n. Determine u(-5).
0
Let x be (-4 - -4) + (2 - 0). Let b(d) = -4*d - 1 + 2*d**2 + 4*d + x*d. What is b(1)?
3
Let p(m) = m**2 - 7*m + 1. Let h be (0 + -1)/((-1)/4). Let v = h + 2. Calculate p(v).
-5
Let g(r) = -117 + 117 - 2*r. Determine g(-1).
2
Let l(u) = -u - 8. Let a(w) = w**3 + 7*w**2 - 7. Let s be a(-7). Let y be l(s). Let i(q) = 6*q**2 + 2*q + 1. Determine i(y).
5
Let s(c) = -c**2 - c + 1. Let j = -56 - -51. Give s(j).
-19
Let f = 2 + 3. Suppose 0 = f*w + 6*l - l - 50, 0 = 4*w - l - 20. Let t(k) = 5 + w*k**2 + 1 + 0*k**3 + 5*k + k**3. Give t(-5).
6
Let b(y) = -2*y**2 + 10*y + 5. Let m be b(5). Suppose 3*c = -3*n + 6, 0 = c + 3*c - 2*n - 2. Let j(u) = c + 2*u - 3 - 5. Give j(m).
3
Let x(f) be the second derivative of -f**3/6 - f**2/2 + 2*f. Calculate x(-2).
1
Suppose 0 = 2*n + j - 3 + 2, -7 = -2*n + j. Let g(p) = 3 - p**3 - 7*p**2 + 8 + p**n - 4*p - 4. Give g(-5).
2
Let x(j) be the second derivative of -j**5/20 + j**4/2 + 5*j**3/6 + 3*j**2 - 31*j. Calculate x(7).
-8
Let o(j) = 3*j - 2. Let p(i) = 3*i - 2. Let m(s) = 3*o(s) - 2*p(s). Give m(-2).
-8
Let x(u) be the first derivative of -u**4/4 - 4*u**3/3 - u**2/2 - 5*u + 79. Let c(s) = s**3 - s**2 - 4. Let z be c(0). Give x(z).
-1
Let o = -3 + 5. Let u(l) = -12 + l - 23 + 61 - 24 - 3*l**2. What is u(o)?
-8
Let f(d) = d + 1. Let p be (-2)/(-6) + (-161)/(-21). Let g = 6 - p. Determine f(g).
-1
Let j(v) = -v**3 + 6*v**2 - 5*v - 4. Let k(w) = w**3 - 5*w**2 - 4*w - 7. Let a be k(6). Calculate j(a).
-4
Let p(w) be the second derivative of w**6/120 + w**5/60 - w**4/12 - w**3/6 - 2*w**2 - 4*w. Let z(t) be the first derivative of p(t). Calculate z(-2).
-1
Let r(q) = -2*q + 1. Suppose -5*i = -5*s + 10, 3*i + 1 = -2*s + 10. Suppose -5*f - 2 = s. Let b be -6 - (f - 1) - -2. Calculate r(b).
5
Let j(p) = p + 1. Let t(z) = 4*z + 1. Let d(m) = -j(m) + t(m). Let i be d(-2). Let c(x) = x**2 + 6*x - 1. Give c(i).
-1
Let r(i) be the first derivative of -i**4/4 + i**3 - i**2/2 + 4*i + 12. Give r(3).
1
Let l = 0 + 1. Let i(x) = 9*x**2 - x + 5. Let h be -6*((-6)/(-9) - 0). Let j(z) = 9*z**2 - z + 4. Let p(c) = h*i(c) + 5*j(c). Determine p(l).
8
Let x(s) = -11*s**2 + 1 - 8 - 3 + s**3 + 3*s**2 + 9*s. Give x(7).
4
Let i(p) be the first derivative of 0*p - 1/3*p**3 + 1/120*p**5 + 0*p**2 + 1/360*p**6 - 1 + 0*p**4. Let c(a) be the third derivative of i(a). Give c(-3).
6
Let w(l) = l**3 - l**2 - 2. Let g be w(2). Let f be (g + -1)*(-4 + 3). Let p(d) = -6*d**3 + d + 1. Determine p(f).
6
Let p(l) = 1 + 2*l + 2*l**3 + l - 2*l. What is p(-1)?
-2
Let k(d) be the third derivative of -1/3*d**3 + 1/120*d**6 + 0 + 1/15*d**5 - 1/4*d**4 + 2*d**2 + 0*d. Give k(-5).
3
Let g(f) = -f + 5. Let w = -65 + 65. Calculate g(w).
5
Let c be (5 - 2) + (0 - -121). Suppose -2*a = 3*a + 5, -5*i + 4*a + c = 0. Suppose 2*d = -4*l - 2*d - i, 5*l + 18 = d. Let r(k) = k**2 + 3*k. Determine r(l).
4
Let x(f) be the second derivative of f**4/12 - f**3/3 - 5*f**2/2 - 5*f + 2. Let t(q) = 3*q - 2. Let c be t(6). Suppose 6*p - 2*p - c = 0. Give x(p).
3
Let a(m) = -m**3 - 3*m**2 + 2*m + 1. Let s(r) = -r**3 + 4*r**2 - 3*r - 4. Let j be s(3). Let d be (-2)/(-3*j/18). Give a(d).
-5
Let d(w) = -2*w**2 + 6*w - 2. Let r = 2 - -2. Give d(r).
-10
Let p(d) = 2*d**2 - 4*d. Suppose -2 = -2*l - 2*u, 4*l + 2*u = -u. Let j = 6 + l. Calculate p(j).
6
Let q = 7 - 1. Let h(u) = u**3 - 6*u**2 + u + 1. Calculate h(q).
7
Suppose -5*a = -5*x, -6*x - 3*a + 24 = -3*x. Let j(q) = 7*q + 4 + x*q + q**3 - 11*q + 2*q**2. Determine j(-3).
-5
Suppose 4*p - l = 21, 2*p = 5*l + 14 + 19. Let c(d) be the first derivative of d**4/4 - 2*d**3 + 5*d**2/2 + d + 2. Calculate c(p).
-11
Let w(h) = -h - 8. Suppose 59 = -4*n - c + 16, -53 = 5*n + c. Give w(n).
2
Let i(d) = d - 8 + 14 - 5. What is i(-4)?
-3
Let s(v) = -4*v. Let f = -9 + 8. Give s(f).
4
Let z(c) be the first derivative of -c**3/3 - 2*c**2 + c + 9. Let d be (-2 - (-2 + 1))*-4. Suppose 4*a + d = -4. Calculate z(a).
5
Suppose 8 = -3*y + 7*y. Let r(m) = 0*m + 4*m**2 - 4*m**2 - 3*m - m**y - 2. Suppose 2*u + 6 - 2 = 0. Give r(u).
0
Suppose -5*x - 4 = 3*v + v, -x = 3*v + 3. Let h(w) = -5*w + 1. Let j(o) = 6*o + 3. Let i(b) = 5*h(b) + 4*j(b). What is i(x)?
17
Suppose 8 = 7*h - 9*h. Let u(a) be the second derivative of a**3/6 - a**2/2 + 5*a. Give u(h).
-5
Let z(s) be the first derivative of -s**3/3 + 2*s**2 - 3*s - 1. Let d = 12 + -20. Let p = -4 - d. What is z(p)?
-3
Suppose 3*s - 3 = -2*t, -5*s + 10 + 2 = t. Let m(d) be the first derivative of 0*d + s - 2/3*d**3 - 1/2*d**2. Give m(1).
-3
Let r(k) = 8*k + 6. Let d(m) = 4*m + 3. Let h(z) = 5*z**3 - z**2 + 1. Let j be h(1). Suppose 0*v = -j*v + 15. Let q(n) = v*r(n) - 7*d(n). What is q(-2)?
5
Let n be -1*(2 - (-1 - -3)). Let k(w) = -2*w + 1 + w + 2*w. Determine k(n).
1
Let c(j) = -j + 4. Let v(i) = -i**3 + 7*i**2 - 7*i + 9. Let s be v(6). Let m(r) = -3*r + 4. Let t be m(s). Give c(t).
9
Let h = -5 + 11. Suppose z + z + h = 0. Let c(x) = -3*x + 4*x + 0*x - 1. Calculate c(z).
-4
Let n(w) = -w**2 + w - 5. Let p(d) = 2*d**2 - 2*d + 11. Let i(k) = 5*n(k) + 2*p(k). Give i(3).
-9
Let c(t) be the second derivative of 0 + 1/720*t**6 + 0*t**2 - 1/3*t**4 + 3*t + 1/60*t**5 + 0*t**3. Let n(y) be the third derivative of c(y). Determine n(0).
2
Let q(b) = -4*b. Suppose 15 = 3*g, -3*u + g - 2 = -3. Give q(u).
-8
Suppose -1 = m + 3. Let d(t) = t**3 + 3*t**2 - 5*t + 1. Determine d(m).
5
Let p(m) = 2*m + 3. Let c(j) be the third derivative of j**4/12 + j**3/2 - 9*j**2. Let a(r) = 3*c(r) - 2*p(r). What is a(-2)?
-1
Let j be -1 - 0*(-4)/8. Let l(r) = -r + 14*r**3 - 3*r + 5*r - 1 + r**2 + 2. Determine l(j).
-13
Let h(a) = -5*a**2 - 2*a + 1. Let l be h(1). Let b(r) = r + 69 - 27 - 18 - 18. What is b(l)?
0
Let d(u) = -u - 7. Let w be d(-8). Let k(a) = a - 6*a**3 + 0*a**3 + 0*a + 5*a**3 - w. Calculate k(2).
-7
Let r(j) be the first derivative of -j**4/4 - 5*j**3/3 - 3*j**2 - j - 3. What is r(-4)?
7
Let a(h) = 19*h - 2 - 31*h + 10 + 7*h - h**2. Determine a(-8).
-16
Let a(x) = x**2 - 3 + x - 2 - 4*x. Give a(5).
5
Let y(o) be the third derivative of -o**5/60 - 7*o**4/24 - 2*o**3/3 + 4*o**2 + o. Suppose -8 + 3 = x. Calculate y(x).
6
Let l(c) = 2*c**3 + 3*c**2 + c + 2. Suppose -258*z = -255*z + 6. Calculate l(z).
-4
Let j(t) be the first derivative of -t**3/3 - 3*t**2/2 - 4*t + 9. Calculate j(-3).
-4
Let c(i) = 3*i**2 - 5*i + 2. Let b(m) = m**3 - 12*m**2 - 28*m + 3. Let t be b(14). Give c(t).
14
Suppose 2*u + 0*u - 43 = -5*l, -4*l + 5*u + 41 = 0. Suppose -3*p + 0*p + l = 0. Let h(m) = -2 - m - 5*m - 4*m**2 + m**p - 2. Give h(5).
-9
Suppose -5*a + 32 - 7 = 0. Let d(x) = x**2 - 5*x + 6. Calculate d(a).
6
Suppose -28*p + 30*p - 10 = 0. Let d(b) = b**3 - 6*b**2 + 2*b + 7. Give d(p).
-8
Let h(j) = -j. Let b(l) = 6*l + 1. Let v(z) = -z - 2. Let r be v(-7). Let s(d) = r*h(d) + b(d). What is s(-5)?
-4
Let d(x) = -x**2 + 5*x - 3. Suppose l = -2*y + 7*y - 16, 2*l - 1 = -y. What is d(y)?
3
Let z(w) be the f